{"id":9,"date":"2018-03-20T07:57:16","date_gmt":"2018-03-20T07:57:16","guid":{"rendered":"http:\/\/www.cavallcartro.cat\/escoles\/llim-el-pi\/?page_id=9"},"modified":"2018-06-12T09:25:23","modified_gmt":"2018-06-12T09:25:23","slug":"ampa","status":"publish","type":"page","link":"https:\/\/www.cavallcartro.cat\/escoles\/llim-el-pi\/ampa\/","title":{"rendered":"AMPA"},"content":{"rendered":"<div class=\"wpb-content-wrapper\">[vc_row][vc_column]<div  class=\"swmsc_fancy_heading swmsc_fancy_heading_center fh_icon_fancyHeadingNoIcon\" style=\"margin-top:40px;margin-bottom:40px;\">\n\t\t\t\t\t\t<div class=\"swmsc_fancy_heading_text\" style=\"font-size:30px;line-height:36px;\">\n\t\t\t\t\t\t\t\n<h1>AMPA El Pi<\/h1>\n\n\t\t\t\t\t\t\t<div class=\"swmsc_fancy_heading_border\">\n\t\t\t\t\t\t\t\t<span class=\"swmsc_fancy_heading_border1\" style=\"background:#f8b54d;\"><\/span>\n\t\t\t\t\t\t\t\t<span class=\"swmsc_fancy_heading_border2\" style=\"background:#f8b54d;\"><\/span>\n\t\t\t\t\t\t\t\t<span class=\"swmsc_fancy_heading_icon\"><i class=\"fa fa-fancyHeadingNoIcon\"  style=\"color:#8373ce;\"><\/i><\/span>\n\t\t\t\t\t\t\t<\/div>\n\t\t\t\t\t\t<\/div>\n\t\t\t\t\t<\/div><div class=\"center\"><div  class=\"swmsc_image_lightbox  image_center\" >\n\n\t\t\t\t\t\t<div class=\"swmsc_image_lightbox_img\"><img decoding=\"async\" alt=\"\" src=\"https:\/\/www.cavallcartro.cat\/escoles\/llim-el-pi\/wp-content\/uploads\/sites\/23\/2018\/06\/logo-ampa-elpi.jpg\" class=\"\" style=\"border-radius:10px;\" \/><div class=\"swmsc_img_overlay\" style=\"border-radius:10px;\">\n\t\t\t\t\t\t\t\t\t\t\t\t<a class=\"swmsc_popup_img\" href=\"#\" title=\"\" target=\"_self\" >\n\t\t\t\t\t\t\t\t\t\t\t\t\t<i class=\"fa fa-search\"><\/i>\n\t\t\t\t\t\t\t\t\t\t\t\t<\/a>\n\t\t\t\t\t\t\t\t\t\t\t<\/div><\/div><\/div><\/div>[\/vc_column][\/vc_row][vc_row full_width=&#8221;stretch_row&#8221; css=&#8221;.vc_custom_1528795501895{padding-top: 50px !important;}&#8221;][vc_column width=&#8221;1\/4&#8243;]<div  class=\"swmsc_fancy_heading swmsc_fancy_heading_center fh_icon_fancyHeadingNoIcon\" style=\"margin-top:40px;margin-bottom:40px;\">\n\t\t\t\t\t\t<div class=\"swmsc_fancy_heading_text\" style=\"font-size:30px;line-height:36px;\">\n\t\t\t\t\t\t\t\n<h1>Qu\u00e8 \u00e9s?<\/h1>\n\n\t\t\t\t\t\t\t<div class=\"swmsc_fancy_heading_border\">\n\t\t\t\t\t\t\t\t<span class=\"swmsc_fancy_heading_border1\" style=\"background:#f8b54d;\"><\/span>\n\t\t\t\t\t\t\t\t<span class=\"swmsc_fancy_heading_border2\" style=\"background:#f8b54d;\"><\/span>\n\t\t\t\t\t\t\t\t<span class=\"swmsc_fancy_heading_icon\"><i class=\"fa fa-fancyHeadingNoIcon\"  style=\"color:#8373ce;\"><\/i><\/span>\n\t\t\t\t\t\t\t<\/div>\n\t\t\t\t\t\t<\/div>\n\t\t\t\t\t<\/div>[\/vc_column][vc_column width=&#8221;3\/4&#8243; css=&#8221;.vc_custom_1506623731342{padding-top: 50px !important;}&#8221;][vc_column_text]L\u2019associaci\u00f3 de mares i pares (AMPA) de la llar d\u2019infants municipal El Pi \u00e9s una associaci\u00f3 volunt\u00e0ria de les fam\u00edlies de l\u2019escola, amb l\u2019objectiu general de promoure la participaci\u00f3 i col\u00b7laborar amb les activitats educatives.[\/vc_column_text][\/vc_column][\/vc_row][vc_row full_width=&#8221;stretch_row&#8221; css=&#8221;.vc_custom_1528795509609{padding-top: 50px !important;}&#8221;][vc_column width=&#8221;1\/4&#8243;]<div  class=\"swmsc_fancy_heading swmsc_fancy_heading_center fh_icon_fancyHeadingNoIcon\" style=\"margin-top:40px;margin-bottom:40px;\">\n\t\t\t\t\t\t<div class=\"swmsc_fancy_heading_text\" style=\"font-size:30px;line-height:36px;\">\n\t\t\t\t\t\t\t\n<h1>Qu\u00e8 fem?<\/h1>\n\n\t\t\t\t\t\t\t<div class=\"swmsc_fancy_heading_border\">\n\t\t\t\t\t\t\t\t<span class=\"swmsc_fancy_heading_border1\" style=\"background:#f8b54d;\"><\/span>\n\t\t\t\t\t\t\t\t<span class=\"swmsc_fancy_heading_border2\" style=\"background:#f8b54d;\"><\/span>\n\t\t\t\t\t\t\t\t<span class=\"swmsc_fancy_heading_icon\"><i class=\"fa fa-fancyHeadingNoIcon\"  style=\"color:#8373ce;\"><\/i><\/span>\n\t\t\t\t\t\t\t<\/div>\n\t\t\t\t\t\t<\/div>\n\t\t\t\t\t<\/div>[\/vc_column][vc_column width=&#8221;3\/4&#8243; css=&#8221;.vc_custom_1506623731342{padding-top: 50px !important;}&#8221;][vc_column_text]\n<ul>\n<li>Vetllar per la qualitat de l\u2019educaci\u00f3 a l\u2019escola<\/li>\n<li>Facilitar la relaci\u00f3 entre les fam\u00edlies, la direcci\u00f3 i les mestres de l\u2019escola<\/li>\n<li>Proposar activitats, fer suggeriments o formular queixes en relaci\u00f3 amb el funcionament de l\u2019escola<\/li>\n<li>Col\u00b7laborar en la gesti\u00f3 d\u2019activitats d\u2019inter\u00e8s per a les fam\u00edlies, com els casals en per\u00edode no lectiu, la festa de final de curs, i en les compres de material educatiu.<\/li>\n<li>Representar les fam\u00edlies al Consell Escolar<\/li>\n<li>Orientar les fam\u00edlies sobre els seus drets i deures<\/li>\n<li>Fer propostes per a la formaci\u00f3 de mares i pares<\/li>\n<\/ul>\n[\/vc_column_text][\/vc_column][\/vc_row][vc_row full_width=&#8221;stretch_row&#8221; css=&#8221;.vc_custom_1528795515022{padding-top: 50px !important;}&#8221;][vc_column width=&#8221;1\/4&#8243;]<div  class=\"swmsc_fancy_heading swmsc_fancy_heading_center fh_icon_fancyHeadingNoIcon\" style=\"margin-top:40px;margin-bottom:40px;\">\n\t\t\t\t\t\t<div class=\"swmsc_fancy_heading_text\" style=\"font-size:30px;line-height:36px;\">\n\t\t\t\t\t\t\t\n<h1>Com participar?<\/h1>\n\n\t\t\t\t\t\t\t<div class=\"swmsc_fancy_heading_border\">\n\t\t\t\t\t\t\t\t<span class=\"swmsc_fancy_heading_border1\" style=\"background:#f8b54d;\"><\/span>\n\t\t\t\t\t\t\t\t<span class=\"swmsc_fancy_heading_border2\" style=\"background:#f8b54d;\"><\/span>\n\t\t\t\t\t\t\t\t<span class=\"swmsc_fancy_heading_icon\"><i class=\"fa fa-fancyHeadingNoIcon\"  style=\"color:#8373ce;\"><\/i><\/span>\n\t\t\t\t\t\t\t<\/div>\n\t\t\t\t\t\t<\/div>\n\t\t\t\t\t<\/div>[\/vc_column][vc_column width=&#8221;3\/4&#8243; css=&#8221;.vc_custom_1506623731342{padding-top: 50px !important;}&#8221;][vc_column_text]\n<ul>\n<li>Puntualment, donant suport a alguna activitat per a la qual es necessitin mares\/pares voluntaris<\/li>\n<li>Fen-te\u2019n soci\/a (la quota pel curs 2017\/18 \u00e9s de 15\u20ac)<\/li>\n<li>De forma regular, formant part de la junta i assistint a les reunions i assemblees que es convoquen per tal d\u2019informar les fam\u00edlies, organitzar activitats, col\u00b7laborar en la gesti\u00f3 de serveis o debatre temes d\u2019inter\u00e8s en l\u2019educaci\u00f3 dels nostres fills.<\/li>\n<\/ul>\n[\/vc_column_text][\/vc_column][\/vc_row][vc_row full_width=&#8221;stretch_row&#8221; css=&#8221;.vc_custom_1528795519577{padding-top: 50px !important;}&#8221;][vc_column width=&#8221;1\/4&#8243;]<div  class=\"swmsc_fancy_heading swmsc_fancy_heading_center fh_icon_fancyHeadingNoIcon\" style=\"margin-top:40px;margin-bottom:40px;\">\n\t\t\t\t\t\t<div class=\"swmsc_fancy_heading_text\" style=\"font-size:30px;line-height:36px;\">\n\t\t\t\t\t\t\t\n<h1>On som?<\/h1>\n\n\t\t\t\t\t\t\t<div class=\"swmsc_fancy_heading_border\">\n\t\t\t\t\t\t\t\t<span class=\"swmsc_fancy_heading_border1\" style=\"background:#f8b54d;\"><\/span>\n\t\t\t\t\t\t\t\t<span class=\"swmsc_fancy_heading_border2\" style=\"background:#f8b54d;\"><\/span>\n\t\t\t\t\t\t\t\t<span class=\"swmsc_fancy_heading_icon\"><i class=\"fa fa-fancyHeadingNoIcon\"  style=\"color:#8373ce;\"><\/i><\/span>\n\t\t\t\t\t\t\t<\/div>\n\t\t\t\t\t\t<\/div>\n\t\t\t\t\t<\/div>[\/vc_column][vc_column width=&#8221;3\/4&#8243; css=&#8221;.vc_custom_1506623725514{padding-top: 50px !important;}&#8221;][vc_column_text]Per a qualsevol consulta :\u00a0 <a href=\"mailto:ampaolius@gmail.com\">ampaolius@gmail.com<\/a>[\/vc_column_text][\/vc_column][\/vc_row]\n<\/div>","protected":false},"excerpt":{"rendered":"<p>[vc_row][vc_column][\/vc_column][\/vc_row][vc_row full_width=&#8221;stretch_row&#8221; css=&#8221;.vc_custom_1528795501895{padding-top: 50px !important;}&#8221;][vc_column width=&#8221;1\/4&#8243;][\/vc_column][vc_column width=&#8221;3\/4&#8243; css=&#8221;.vc_custom_1506623731342{padding-top: 50px !important;}&#8221;][vc_column_text]L\u2019associaci\u00f3 de mares i pares (AMPA) de la llar d\u2019infants municipal El Pi \u00e9s una associaci\u00f3 volunt\u00e0ria de les fam\u00edlies de l\u2019escola, amb l\u2019objectiu general de promoure la participaci\u00f3 i col\u00b7laborar amb les activitats educatives.[\/vc_column_text][\/vc_column][\/vc_row][vc_row full_width=&#8221;stretch_row&#8221; css=&#8221;.vc_custom_1528795509609{padding-top: 50px !important;}&#8221;][vc_column width=&#8221;1\/4&#8243;][\/vc_column][vc_column width=&#8221;3\/4&#8243; [&hellip;]<\/p>\n","protected":false},"author":1,"featured_media":0,"parent":0,"menu_order":0,"comment_status":"closed","ping_status":"closed","template":"","meta":{"footnotes":""},"class_list":["post-9","page","type-page","status-publish","hentry"],"yoast_head":"<!-- This site is optimized with the Yoast SEO plugin v27.4 - https:\/\/yoast.com\/product\/yoast-seo-wordpress\/ -->\n<title>AMPA - Llar d&#039;infants municipal El Pi - Olius<\/title>\n<meta name=\"robots\" content=\"index, follow, max-snippet:-1, max-image-preview:large, max-video-preview:-1\" \/>\n<link rel=\"canonical\" href=\"https:\/\/www.cavallcartro.cat\/escoles\/llim-el-pi\/ampa\/\" \/>\n<meta property=\"og:locale\" content=\"ca_ES\" \/>\n<meta property=\"og:type\" content=\"article\" \/>\n<meta property=\"og:title\" content=\"AMPA - Llar d&#039;infants municipal El Pi - Olius\" \/>\n<meta property=\"og:description\" content=\"[vc_row][vc_column][\/vc_column][\/vc_row][vc_row full_width=&#8221;stretch_row&#8221; css=&#8221;.vc_custom_1528795501895{padding-top: 50px !important;}&#8221;][vc_column width=&#8221;1\/4&#8243;][\/vc_column][vc_column width=&#8221;3\/4&#8243; css=&#8221;.vc_custom_1506623731342{padding-top: 50px !important;}&#8221;][vc_column_text]L\u2019associaci\u00f3 de mares i pares (AMPA) de la llar d\u2019infants municipal El Pi \u00e9s una associaci\u00f3 volunt\u00e0ria de les fam\u00edlies de l\u2019escola, amb l\u2019objectiu general de promoure la participaci\u00f3 i col\u00b7laborar amb les activitats educatives.[\/vc_column_text][\/vc_column][\/vc_row][vc_row full_width=&#8221;stretch_row&#8221; css=&#8221;.vc_custom_1528795509609{padding-top: 50px !important;}&#8221;][vc_column width=&#8221;1\/4&#8243;][\/vc_column][vc_column width=&#8221;3\/4&#8243; [&hellip;]\" \/>\n<meta property=\"og:url\" content=\"https:\/\/www.cavallcartro.cat\/escoles\/llim-el-pi\/ampa\/\" \/>\n<meta property=\"og:site_name\" content=\"Llar d&#039;infants municipal El Pi - Olius\" \/>\n<meta property=\"article:modified_time\" content=\"2018-06-12T09:25:23+00:00\" \/>\n<meta name=\"twitter:card\" content=\"summary_large_image\" \/>\n<meta name=\"twitter:label1\" content=\"Temps estimat de lectura\" \/>\n\t<meta name=\"twitter:data1\" content=\"3 minuts\" \/>\n<script type=\"application\/ld+json\" class=\"yoast-schema-graph\">{\"@context\":\"https:\\\/\\\/schema.org\",\"@graph\":[{\"@type\":\"WebPage\",\"@id\":\"https:\\\/\\\/www.cavallcartro.cat\\\/escoles\\\/llim-el-pi\\\/ampa\\\/\",\"url\":\"https:\\\/\\\/www.cavallcartro.cat\\\/escoles\\\/llim-el-pi\\\/ampa\\\/\",\"name\":\"AMPA - Llar d&#039;infants municipal El Pi - Olius\",\"isPartOf\":{\"@id\":\"https:\\\/\\\/www.cavallcartro.cat\\\/escoles\\\/llim-el-pi\\\/#website\"},\"datePublished\":\"2018-03-20T07:57:16+00:00\",\"dateModified\":\"2018-06-12T09:25:23+00:00\",\"breadcrumb\":{\"@id\":\"https:\\\/\\\/www.cavallcartro.cat\\\/escoles\\\/llim-el-pi\\\/ampa\\\/#breadcrumb\"},\"inLanguage\":\"ca\",\"potentialAction\":[{\"@type\":\"ReadAction\",\"target\":[\"https:\\\/\\\/www.cavallcartro.cat\\\/escoles\\\/llim-el-pi\\\/ampa\\\/\"]}]},{\"@type\":\"BreadcrumbList\",\"@id\":\"https:\\\/\\\/www.cavallcartro.cat\\\/escoles\\\/llim-el-pi\\\/ampa\\\/#breadcrumb\",\"itemListElement\":[{\"@type\":\"ListItem\",\"position\":1,\"name\":\"Portada\",\"item\":\"https:\\\/\\\/www.cavallcartro.cat\\\/escoles\\\/llim-el-pi\\\/\"},{\"@type\":\"ListItem\",\"position\":2,\"name\":\"AMPA\"}]},{\"@type\":\"WebSite\",\"@id\":\"https:\\\/\\\/www.cavallcartro.cat\\\/escoles\\\/llim-el-pi\\\/#website\",\"url\":\"https:\\\/\\\/www.cavallcartro.cat\\\/escoles\\\/llim-el-pi\\\/\",\"name\":\"Llar d&#039;infants municipal El Pi - Olius\",\"description\":\"Escola bressol a Olius, al Solson\u00e8s (Lleida), on els vostres infants aprendran jugant amb l\u2019acompanyament c\u00e0lid i amable de l\u2019adult.\",\"publisher\":{\"@id\":\"https:\\\/\\\/www.cavallcartro.cat\\\/escoles\\\/llim-el-pi\\\/#organization\"},\"potentialAction\":[{\"@type\":\"SearchAction\",\"target\":{\"@type\":\"EntryPoint\",\"urlTemplate\":\"https:\\\/\\\/www.cavallcartro.cat\\\/escoles\\\/llim-el-pi\\\/?s={search_term_string}\"},\"query-input\":{\"@type\":\"PropertyValueSpecification\",\"valueRequired\":true,\"valueName\":\"search_term_string\"}}],\"inLanguage\":\"ca\"},{\"@type\":\"Organization\",\"@id\":\"https:\\\/\\\/www.cavallcartro.cat\\\/escoles\\\/llim-el-pi\\\/#organization\",\"name\":\"Llar d'infants El Pi\",\"url\":\"https:\\\/\\\/www.cavallcartro.cat\\\/escoles\\\/llim-el-pi\\\/\",\"logo\":{\"@type\":\"ImageObject\",\"inLanguage\":\"ca\",\"@id\":\"https:\\\/\\\/www.cavallcartro.cat\\\/escoles\\\/llim-el-pi\\\/#\\\/schema\\\/logo\\\/image\\\/\",\"url\":\"https:\\\/\\\/www.cavallcartro.cat\\\/escoles\\\/llim-el-pi\\\/wp-content\\\/uploads\\\/sites\\\/23\\\/2018\\\/03\\\/Logo-LLIM-El-Pi.jpg\",\"contentUrl\":\"https:\\\/\\\/www.cavallcartro.cat\\\/escoles\\\/llim-el-pi\\\/wp-content\\\/uploads\\\/sites\\\/23\\\/2018\\\/03\\\/Logo-LLIM-El-Pi.jpg\",\"width\":547,\"height\":356,\"caption\":\"Llar d'infants El Pi\"},\"image\":{\"@id\":\"https:\\\/\\\/www.cavallcartro.cat\\\/escoles\\\/llim-el-pi\\\/#\\\/schema\\\/logo\\\/image\\\/\"}}]}<\/script>\n<!-- \/ Yoast SEO plugin. -->","yoast_head_json":{"title":"AMPA - Llar d&#039;infants municipal El Pi - Olius","robots":{"index":"index","follow":"follow","max-snippet":"max-snippet:-1","max-image-preview":"max-image-preview:large","max-video-preview":"max-video-preview:-1"},"canonical":"https:\/\/www.cavallcartro.cat\/escoles\/llim-el-pi\/ampa\/","og_locale":"ca_ES","og_type":"article","og_title":"AMPA - Llar d&#039;infants municipal El Pi - Olius","og_description":"[vc_row][vc_column][\/vc_column][\/vc_row][vc_row full_width=&#8221;stretch_row&#8221; css=&#8221;.vc_custom_1528795501895{padding-top: 50px !important;}&#8221;][vc_column width=&#8221;1\/4&#8243;][\/vc_column][vc_column width=&#8221;3\/4&#8243; css=&#8221;.vc_custom_1506623731342{padding-top: 50px !important;}&#8221;][vc_column_text]L\u2019associaci\u00f3 de mares i pares (AMPA) de la llar d\u2019infants municipal El Pi \u00e9s una associaci\u00f3 volunt\u00e0ria de les fam\u00edlies de l\u2019escola, amb l\u2019objectiu general de promoure la participaci\u00f3 i col\u00b7laborar amb les activitats educatives.[\/vc_column_text][\/vc_column][\/vc_row][vc_row full_width=&#8221;stretch_row&#8221; css=&#8221;.vc_custom_1528795509609{padding-top: 50px !important;}&#8221;][vc_column width=&#8221;1\/4&#8243;][\/vc_column][vc_column width=&#8221;3\/4&#8243; [&hellip;]","og_url":"https:\/\/www.cavallcartro.cat\/escoles\/llim-el-pi\/ampa\/","og_site_name":"Llar d&#039;infants municipal El Pi - Olius","article_modified_time":"2018-06-12T09:25:23+00:00","twitter_card":"summary_large_image","twitter_misc":{"Temps estimat de lectura":"3 minuts"},"schema":{"@context":"https:\/\/schema.org","@graph":[{"@type":"WebPage","@id":"https:\/\/www.cavallcartro.cat\/escoles\/llim-el-pi\/ampa\/","url":"https:\/\/www.cavallcartro.cat\/escoles\/llim-el-pi\/ampa\/","name":"AMPA - Llar d&#039;infants municipal El Pi - Olius","isPartOf":{"@id":"https:\/\/www.cavallcartro.cat\/escoles\/llim-el-pi\/#website"},"datePublished":"2018-03-20T07:57:16+00:00","dateModified":"2018-06-12T09:25:23+00:00","breadcrumb":{"@id":"https:\/\/www.cavallcartro.cat\/escoles\/llim-el-pi\/ampa\/#breadcrumb"},"inLanguage":"ca","potentialAction":[{"@type":"ReadAction","target":["https:\/\/www.cavallcartro.cat\/escoles\/llim-el-pi\/ampa\/"]}]},{"@type":"BreadcrumbList","@id":"https:\/\/www.cavallcartro.cat\/escoles\/llim-el-pi\/ampa\/#breadcrumb","itemListElement":[{"@type":"ListItem","position":1,"name":"Portada","item":"https:\/\/www.cavallcartro.cat\/escoles\/llim-el-pi\/"},{"@type":"ListItem","position":2,"name":"AMPA"}]},{"@type":"WebSite","@id":"https:\/\/www.cavallcartro.cat\/escoles\/llim-el-pi\/#website","url":"https:\/\/www.cavallcartro.cat\/escoles\/llim-el-pi\/","name":"Llar d&#039;infants municipal El Pi - Olius","description":"Escola bressol a Olius, al Solson\u00e8s (Lleida), on els vostres infants aprendran jugant amb l\u2019acompanyament c\u00e0lid i amable de l\u2019adult.","publisher":{"@id":"https:\/\/www.cavallcartro.cat\/escoles\/llim-el-pi\/#organization"},"potentialAction":[{"@type":"SearchAction","target":{"@type":"EntryPoint","urlTemplate":"https:\/\/www.cavallcartro.cat\/escoles\/llim-el-pi\/?s={search_term_string}"},"query-input":{"@type":"PropertyValueSpecification","valueRequired":true,"valueName":"search_term_string"}}],"inLanguage":"ca"},{"@type":"Organization","@id":"https:\/\/www.cavallcartro.cat\/escoles\/llim-el-pi\/#organization","name":"Llar d'infants El Pi","url":"https:\/\/www.cavallcartro.cat\/escoles\/llim-el-pi\/","logo":{"@type":"ImageObject","inLanguage":"ca","@id":"https:\/\/www.cavallcartro.cat\/escoles\/llim-el-pi\/#\/schema\/logo\/image\/","url":"https:\/\/www.cavallcartro.cat\/escoles\/llim-el-pi\/wp-content\/uploads\/sites\/23\/2018\/03\/Logo-LLIM-El-Pi.jpg","contentUrl":"https:\/\/www.cavallcartro.cat\/escoles\/llim-el-pi\/wp-content\/uploads\/sites\/23\/2018\/03\/Logo-LLIM-El-Pi.jpg","width":547,"height":356,"caption":"Llar d'infants El Pi"},"image":{"@id":"https:\/\/www.cavallcartro.cat\/escoles\/llim-el-pi\/#\/schema\/logo\/image\/"}}]}},"_links":{"self":[{"href":"https:\/\/www.cavallcartro.cat\/escoles\/llim-el-pi\/wp-json\/wp\/v2\/pages\/9","targetHints":{"allow":["GET"]}}],"collection":[{"href":"https:\/\/www.cavallcartro.cat\/escoles\/llim-el-pi\/wp-json\/wp\/v2\/pages"}],"about":[{"href":"https:\/\/www.cavallcartro.cat\/escoles\/llim-el-pi\/wp-json\/wp\/v2\/types\/page"}],"author":[{"embeddable":true,"href":"https:\/\/www.cavallcartro.cat\/escoles\/llim-el-pi\/wp-json\/wp\/v2\/users\/1"}],"replies":[{"embeddable":true,"href":"https:\/\/www.cavallcartro.cat\/escoles\/llim-el-pi\/wp-json\/wp\/v2\/comments?post=9"}],"version-history":[{"count":5,"href":"https:\/\/www.cavallcartro.cat\/escoles\/llim-el-pi\/wp-json\/wp\/v2\/pages\/9\/revisions"}],"predecessor-version":[{"id":90,"href":"https:\/\/www.cavallcartro.cat\/escoles\/llim-el-pi\/wp-json\/wp\/v2\/pages\/9\/revisions\/90"}],"wp:attachment":[{"href":"https:\/\/www.cavallcartro.cat\/escoles\/llim-el-pi\/wp-json\/wp\/v2\/media?parent=9"}],"curies":[{"name":"wp","href":"https:\/\/api.w.org\/{rel}","templated":true}]}}