{"id":19,"date":"2018-05-30T17:05:07","date_gmt":"2018-05-30T17:05:07","guid":{"rendered":"http:\/\/www.cavallcartro.cat\/escoles\/llim-el-cargol\/?page_id=19"},"modified":"2018-05-31T08:02:49","modified_gmt":"2018-05-31T08:02:49","slug":"ampa","status":"publish","type":"page","link":"https:\/\/www.cavallcartro.cat\/escoles\/llim-el-cargol\/ampa\/","title":{"rendered":"AMPA"},"content":{"rendered":"<div class=\"wpb-content-wrapper\">[vc_row][vc_column]<div  class=\"swmsc_fancy_heading swmsc_fancy_heading_center fh_icon_fancyHeadingNoIcon\" style=\"margin-top:40px;margin-bottom:40px;\">\n\t\t\t\t\t\t<div class=\"swmsc_fancy_heading_text\" style=\"font-size:30px;line-height:36px;\">\n\t\t\t\t\t\t\t\n<h1>AMPA El Cargol<\/h1>\n\n\t\t\t\t\t\t\t<div class=\"swmsc_fancy_heading_border\">\n\t\t\t\t\t\t\t\t<span class=\"swmsc_fancy_heading_border1\" style=\"background:#f8b54d;\"><\/span>\n\t\t\t\t\t\t\t\t<span class=\"swmsc_fancy_heading_border2\" style=\"background:#f8b54d;\"><\/span>\n\t\t\t\t\t\t\t\t<span class=\"swmsc_fancy_heading_icon\"><i class=\"fa fa-fancyHeadingNoIcon\"  style=\"color:#8373ce;\"><\/i><\/span>\n\t\t\t\t\t\t\t<\/div>\n\t\t\t\t\t\t<\/div>\n\t\t\t\t\t<\/div><div  class=\"swmsc_text_block\" > Pares i mares d\u2019El Cargol,<\/p>\n<p>Les sigles\u00a0AMPA\u00a0signifiquen\u00a0Associaci\u00f3 de\u00a0Mares i\u00a0Pares d\u2019Alumnes, i agrupa les mares i pares de TOTS els alumnes de la llar.<\/p>\n<p>El principal objectiu de l\u2019AMPA \u00e9s contribuir a la millora de la qualitat de l\u2019ensenyament que reben els nostres fills: totes les fam\u00edlies hi juguem un paper important. \u00c9s necessari que tots hi participem, donem l\u2019opini\u00f3 a l\u2019hora de prendre decisions, i hi col\u00b7laborem en la mesura que ens sigui possible.<\/p>\n<p>Al llarg del curs es van convocant reunions d\u2019AMPA que estan obertes a tots els pares i mares: totes les fam\u00edlies hi poden dir la seva.<\/p>\n<p>Recordeu que si feu arribar el vostre correu electr\u00f2nic, l\u2019AMPA us posar\u00e0 al corrent de tot el que fa durant el curs: convocat\u00f2ries, actes, reunions, organitzaci\u00f3 de festes i activitats, estat de comptes i despeses, etc.<\/p>\n<p>El mes de setembre es realitzar\u00e0 la primera reuni\u00f3 de l\u2019AMPA i es concretaran les dates de les festes per tal que totes les fam\u00edlies les tingueu en compte amb antelaci\u00f3 per tal de poder-les gaudir.<\/div>[\/vc_column][\/vc_row]\n<\/div>","protected":false},"excerpt":{"rendered":"<p>[vc_row][vc_column][\/vc_column][\/vc_row]<\/p>\n","protected":false},"author":1,"featured_media":0,"parent":0,"menu_order":0,"comment_status":"closed","ping_status":"closed","template":"","meta":{"footnotes":""},"class_list":["post-19","page","type-page","status-publish","hentry"],"yoast_head":"<!-- This site is optimized with the Yoast SEO plugin v27.5 - https:\/\/yoast.com\/product\/yoast-seo-wordpress\/ -->\n<title>AMPA - LLIM EL CARGOL. Llar d&#039;infants municipal de Sant Pere de Ribes<\/title>\n<meta name=\"robots\" content=\"index, follow, max-snippet:-1, max-image-preview:large, max-video-preview:-1\" \/>\n<link rel=\"canonical\" href=\"https:\/\/www.cavallcartro.cat\/escoles\/llim-el-cargol\/ampa\/\" \/>\n<meta property=\"og:locale\" content=\"ca_ES\" \/>\n<meta property=\"og:type\" content=\"article\" \/>\n<meta property=\"og:title\" content=\"AMPA - LLIM EL CARGOL. Llar d&#039;infants municipal de Sant Pere de Ribes\" \/>\n<meta property=\"og:description\" content=\"[vc_row][vc_column][\/vc_column][\/vc_row]\" \/>\n<meta property=\"og:url\" content=\"https:\/\/www.cavallcartro.cat\/escoles\/llim-el-cargol\/ampa\/\" \/>\n<meta property=\"og:site_name\" content=\"LLIM EL CARGOL. Llar d&#039;infants municipal de Sant Pere de Ribes\" \/>\n<meta property=\"article:publisher\" content=\"https:\/\/facebook.com\/cavallcartroedu\" \/>\n<meta property=\"article:modified_time\" content=\"2018-05-31T08:02:49+00:00\" \/>\n<meta name=\"twitter:card\" content=\"summary_large_image\" \/>\n<meta name=\"twitter:site\" content=\"@cavallcartroedu\" \/>\n<meta name=\"twitter:label1\" content=\"Temps estimat de lectura\" \/>\n\t<meta name=\"twitter:data1\" content=\"1 minut\" \/>\n<script type=\"application\/ld+json\" class=\"yoast-schema-graph\">{\"@context\":\"https:\\\/\\\/schema.org\",\"@graph\":[{\"@type\":\"WebPage\",\"@id\":\"https:\\\/\\\/www.cavallcartro.cat\\\/escoles\\\/llim-el-cargol\\\/ampa\\\/\",\"url\":\"https:\\\/\\\/www.cavallcartro.cat\\\/escoles\\\/llim-el-cargol\\\/ampa\\\/\",\"name\":\"AMPA - LLIM EL CARGOL. Llar d&#039;infants municipal de Sant Pere de Ribes\",\"isPartOf\":{\"@id\":\"https:\\\/\\\/www.cavallcartro.cat\\\/escoles\\\/llim-el-cargol\\\/#website\"},\"datePublished\":\"2018-05-30T17:05:07+00:00\",\"dateModified\":\"2018-05-31T08:02:49+00:00\",\"breadcrumb\":{\"@id\":\"https:\\\/\\\/www.cavallcartro.cat\\\/escoles\\\/llim-el-cargol\\\/ampa\\\/#breadcrumb\"},\"inLanguage\":\"ca\",\"potentialAction\":[{\"@type\":\"ReadAction\",\"target\":[\"https:\\\/\\\/www.cavallcartro.cat\\\/escoles\\\/llim-el-cargol\\\/ampa\\\/\"]}]},{\"@type\":\"BreadcrumbList\",\"@id\":\"https:\\\/\\\/www.cavallcartro.cat\\\/escoles\\\/llim-el-cargol\\\/ampa\\\/#breadcrumb\",\"itemListElement\":[{\"@type\":\"ListItem\",\"position\":1,\"name\":\"Portada\",\"item\":\"https:\\\/\\\/www.cavallcartro.cat\\\/escoles\\\/llim-el-cargol\\\/\"},{\"@type\":\"ListItem\",\"position\":2,\"name\":\"AMPA\"}]},{\"@type\":\"WebSite\",\"@id\":\"https:\\\/\\\/www.cavallcartro.cat\\\/escoles\\\/llim-el-cargol\\\/#website\",\"url\":\"https:\\\/\\\/www.cavallcartro.cat\\\/escoles\\\/llim-el-cargol\\\/\",\"name\":\"LLIM EL CARGOL. Llar d'infants municipal de Sant Pere de Ribes\",\"description\":\"Escola bressol municipal de Sant Pere de Ribes. El nostre projecte educatiu aix\u00ed com la masia que ens acull faciliten l&#039;acompanyament dels infants en la descoberta, l&#039;aprenentatge i l&#039;autonomia.\",\"publisher\":{\"@id\":\"https:\\\/\\\/www.cavallcartro.cat\\\/escoles\\\/llim-el-cargol\\\/#organization\"},\"potentialAction\":[{\"@type\":\"SearchAction\",\"target\":{\"@type\":\"EntryPoint\",\"urlTemplate\":\"https:\\\/\\\/www.cavallcartro.cat\\\/escoles\\\/llim-el-cargol\\\/?s={search_term_string}\"},\"query-input\":{\"@type\":\"PropertyValueSpecification\",\"valueRequired\":true,\"valueName\":\"search_term_string\"}}],\"inLanguage\":\"ca\"},{\"@type\":\"Organization\",\"@id\":\"https:\\\/\\\/www.cavallcartro.cat\\\/escoles\\\/llim-el-cargol\\\/#organization\",\"name\":\"LLIM EL CARGOL. Llar d'infants municipal de Sant Pere de Ribes\",\"url\":\"https:\\\/\\\/www.cavallcartro.cat\\\/escoles\\\/llim-el-cargol\\\/\",\"logo\":{\"@type\":\"ImageObject\",\"inLanguage\":\"ca\",\"@id\":\"https:\\\/\\\/www.cavallcartro.cat\\\/escoles\\\/llim-el-cargol\\\/#\\\/schema\\\/logo\\\/image\\\/\",\"url\":\"https:\\\/\\\/www.cavallcartro.cat\\\/escoles\\\/llim-el-cargol\\\/wp-content\\\/uploads\\\/sites\\\/29\\\/2024\\\/03\\\/Logo-Llar-dinfants-Municipal-El-Cargol-de-Sant-Pere-de-Ribes.jpg\",\"contentUrl\":\"https:\\\/\\\/www.cavallcartro.cat\\\/escoles\\\/llim-el-cargol\\\/wp-content\\\/uploads\\\/sites\\\/29\\\/2024\\\/03\\\/Logo-Llar-dinfants-Municipal-El-Cargol-de-Sant-Pere-de-Ribes.jpg\",\"width\":398,\"height\":356,\"caption\":\"LLIM EL CARGOL. Llar d'infants municipal de Sant Pere de Ribes\"},\"image\":{\"@id\":\"https:\\\/\\\/www.cavallcartro.cat\\\/escoles\\\/llim-el-cargol\\\/#\\\/schema\\\/logo\\\/image\\\/\"},\"sameAs\":[\"https:\\\/\\\/facebook.com\\\/cavallcartroedu\",\"https:\\\/\\\/x.com\\\/cavallcartroedu\"]}]}<\/script>\n<!-- \/ Yoast SEO plugin. -->","yoast_head_json":{"title":"AMPA - LLIM EL CARGOL. Llar d&#039;infants municipal de Sant Pere de Ribes","robots":{"index":"index","follow":"follow","max-snippet":"max-snippet:-1","max-image-preview":"max-image-preview:large","max-video-preview":"max-video-preview:-1"},"canonical":"https:\/\/www.cavallcartro.cat\/escoles\/llim-el-cargol\/ampa\/","og_locale":"ca_ES","og_type":"article","og_title":"AMPA - LLIM EL CARGOL. Llar d&#039;infants municipal de Sant Pere de Ribes","og_description":"[vc_row][vc_column][\/vc_column][\/vc_row]","og_url":"https:\/\/www.cavallcartro.cat\/escoles\/llim-el-cargol\/ampa\/","og_site_name":"LLIM EL CARGOL. Llar d&#039;infants municipal de Sant Pere de Ribes","article_publisher":"https:\/\/facebook.com\/cavallcartroedu","article_modified_time":"2018-05-31T08:02:49+00:00","twitter_card":"summary_large_image","twitter_site":"@cavallcartroedu","twitter_misc":{"Temps estimat de lectura":"1 minut"},"schema":{"@context":"https:\/\/schema.org","@graph":[{"@type":"WebPage","@id":"https:\/\/www.cavallcartro.cat\/escoles\/llim-el-cargol\/ampa\/","url":"https:\/\/www.cavallcartro.cat\/escoles\/llim-el-cargol\/ampa\/","name":"AMPA - LLIM EL CARGOL. Llar d&#039;infants municipal de Sant Pere de Ribes","isPartOf":{"@id":"https:\/\/www.cavallcartro.cat\/escoles\/llim-el-cargol\/#website"},"datePublished":"2018-05-30T17:05:07+00:00","dateModified":"2018-05-31T08:02:49+00:00","breadcrumb":{"@id":"https:\/\/www.cavallcartro.cat\/escoles\/llim-el-cargol\/ampa\/#breadcrumb"},"inLanguage":"ca","potentialAction":[{"@type":"ReadAction","target":["https:\/\/www.cavallcartro.cat\/escoles\/llim-el-cargol\/ampa\/"]}]},{"@type":"BreadcrumbList","@id":"https:\/\/www.cavallcartro.cat\/escoles\/llim-el-cargol\/ampa\/#breadcrumb","itemListElement":[{"@type":"ListItem","position":1,"name":"Portada","item":"https:\/\/www.cavallcartro.cat\/escoles\/llim-el-cargol\/"},{"@type":"ListItem","position":2,"name":"AMPA"}]},{"@type":"WebSite","@id":"https:\/\/www.cavallcartro.cat\/escoles\/llim-el-cargol\/#website","url":"https:\/\/www.cavallcartro.cat\/escoles\/llim-el-cargol\/","name":"LLIM EL CARGOL. Llar d'infants municipal de Sant Pere de Ribes","description":"Escola bressol municipal de Sant Pere de Ribes. El nostre projecte educatiu aix\u00ed com la masia que ens acull faciliten l&#039;acompanyament dels infants en la descoberta, l&#039;aprenentatge i l&#039;autonomia.","publisher":{"@id":"https:\/\/www.cavallcartro.cat\/escoles\/llim-el-cargol\/#organization"},"potentialAction":[{"@type":"SearchAction","target":{"@type":"EntryPoint","urlTemplate":"https:\/\/www.cavallcartro.cat\/escoles\/llim-el-cargol\/?s={search_term_string}"},"query-input":{"@type":"PropertyValueSpecification","valueRequired":true,"valueName":"search_term_string"}}],"inLanguage":"ca"},{"@type":"Organization","@id":"https:\/\/www.cavallcartro.cat\/escoles\/llim-el-cargol\/#organization","name":"LLIM EL CARGOL. Llar d'infants municipal de Sant Pere de Ribes","url":"https:\/\/www.cavallcartro.cat\/escoles\/llim-el-cargol\/","logo":{"@type":"ImageObject","inLanguage":"ca","@id":"https:\/\/www.cavallcartro.cat\/escoles\/llim-el-cargol\/#\/schema\/logo\/image\/","url":"https:\/\/www.cavallcartro.cat\/escoles\/llim-el-cargol\/wp-content\/uploads\/sites\/29\/2024\/03\/Logo-Llar-dinfants-Municipal-El-Cargol-de-Sant-Pere-de-Ribes.jpg","contentUrl":"https:\/\/www.cavallcartro.cat\/escoles\/llim-el-cargol\/wp-content\/uploads\/sites\/29\/2024\/03\/Logo-Llar-dinfants-Municipal-El-Cargol-de-Sant-Pere-de-Ribes.jpg","width":398,"height":356,"caption":"LLIM EL CARGOL. Llar d'infants municipal de Sant Pere de Ribes"},"image":{"@id":"https:\/\/www.cavallcartro.cat\/escoles\/llim-el-cargol\/#\/schema\/logo\/image\/"},"sameAs":["https:\/\/facebook.com\/cavallcartroedu","https:\/\/x.com\/cavallcartroedu"]}]}},"_links":{"self":[{"href":"https:\/\/www.cavallcartro.cat\/escoles\/llim-el-cargol\/wp-json\/wp\/v2\/pages\/19","targetHints":{"allow":["GET"]}}],"collection":[{"href":"https:\/\/www.cavallcartro.cat\/escoles\/llim-el-cargol\/wp-json\/wp\/v2\/pages"}],"about":[{"href":"https:\/\/www.cavallcartro.cat\/escoles\/llim-el-cargol\/wp-json\/wp\/v2\/types\/page"}],"author":[{"embeddable":true,"href":"https:\/\/www.cavallcartro.cat\/escoles\/llim-el-cargol\/wp-json\/wp\/v2\/users\/1"}],"replies":[{"embeddable":true,"href":"https:\/\/www.cavallcartro.cat\/escoles\/llim-el-cargol\/wp-json\/wp\/v2\/comments?post=19"}],"version-history":[{"count":3,"href":"https:\/\/www.cavallcartro.cat\/escoles\/llim-el-cargol\/wp-json\/wp\/v2\/pages\/19\/revisions"}],"predecessor-version":[{"id":50,"href":"https:\/\/www.cavallcartro.cat\/escoles\/llim-el-cargol\/wp-json\/wp\/v2\/pages\/19\/revisions\/50"}],"wp:attachment":[{"href":"https:\/\/www.cavallcartro.cat\/escoles\/llim-el-cargol\/wp-json\/wp\/v2\/media?parent=19"}],"curies":[{"name":"wp","href":"https:\/\/api.w.org\/{rel}","templated":true}]}}

<div class="wpb-content-wrapper">[vc_row][vc_column]<div  class="swmsc_fancy_heading swmsc_fancy_heading_center fh_icon_fancyHeadingNoIcon" style="margin-top:40px;margin-bottom:40px;">
						<div class="swmsc_fancy_heading_text" style="font-size:30px;line-height:36px;">
							
<h1>AMPA El Cargol</h1>

							<div class="swmsc_fancy_heading_border">
								<span class="swmsc_fancy_heading_border1" style="background:#f8b54d;"></span>
								<span class="swmsc_fancy_heading_border2" style="background:#f8b54d;"></span>
								<span class="swmsc_fancy_heading_icon"><i class="fa fa-fancyHeadingNoIcon"  style="color:#8373ce;"></i></span>
							</div>
						</div>
					</div><div  class="swmsc_text_block" > Pares i mares d’El Cargol,</p>
<p>Les sigles AMPA signifiquen Associació de Mares i Pares d’Alumnes, i agrupa les mares i pares de TOTS els alumnes de la llar.</p>
<p>El principal objectiu de l’AMPA és contribuir a la millora de la qualitat de l’ensenyament que reben els nostres fills: totes les famílies hi juguem un paper important. És necessari que tots hi participem, donem l’opinió a l’hora de prendre decisions, i hi col·laborem en la mesura que ens sigui possible.</p>
<p>Al llarg del curs es van convocant reunions d’AMPA que estan obertes a tots els pares i mares: totes les famílies hi poden dir la seva.</p>
<p>Recordeu que si feu arribar el vostre correu electrònic, l’AMPA us posarà al corrent de tot el que fa durant el curs: convocatòries, actes, reunions, organització de festes i activitats, estat de comptes i despeses, etc.</p>
<p>El mes de setembre es realitzarà la primera reunió de l’AMPA i es concretaran les dates de les festes per tal que totes les famílies les tingueu en compte amb antelació per tal de poder-les gaudir.</div>[/vc_column][/vc_row]
</div>

<!-- This site is optimized with the Yoast SEO plugin v27.5 - https://yoast.com/product/yoast-seo-wordpress/ -->
<title>AMPA - LLIM EL CARGOL. Llar d&#039;infants municipal de Sant Pere de Ribes</title>
<meta name="robots" content="index, follow, max-snippet:-1, max-image-preview:large, max-video-preview:-1" />
<link rel="canonical" href="https://www.cavallcartro.cat/escoles/llim-el-cargol/ampa/" />
<meta property="og:locale" content="ca_ES" />
<meta property="og:type" content="article" />
<meta property="og:title" content="AMPA - LLIM EL CARGOL. Llar d&#039;infants municipal de Sant Pere de Ribes" />
<meta property="og:description" content="[vc_row][vc_column][/vc_column][/vc_row]" />
<meta property="og:url" content="https://www.cavallcartro.cat/escoles/llim-el-cargol/ampa/" />
<meta property="og:site_name" content="LLIM EL CARGOL. Llar d&#039;infants municipal de Sant Pere de Ribes" />
<meta property="article:publisher" content="https://facebook.com/cavallcartroedu" />
<meta property="article:modified_time" content="2018-05-31T08:02:49+00:00" />
<meta name="twitter:card" content="summary_large_image" />
<meta name="twitter:site" content="@cavallcartroedu" />
<meta name="twitter:label1" content="Temps estimat de lectura" />
	<meta name="twitter:data1" content="1 minut" />
<script type="application/ld+json" class="yoast-schema-graph">{"@context":"https:\/\/schema.org","@graph":[{"@type":"WebPage","@id":"https:\/\/www.cavallcartro.cat\/escoles\/llim-el-cargol\/ampa\/","url":"https:\/\/www.cavallcartro.cat\/escoles\/llim-el-cargol\/ampa\/","name":"AMPA - LLIM EL CARGOL. Llar d&#039;infants municipal de Sant Pere de Ribes","isPartOf":{"@id":"https:\/\/www.cavallcartro.cat\/escoles\/llim-el-cargol\/#website"},"datePublished":"2018-05-30T17:05:07+00:00","dateModified":"2018-05-31T08:02:49+00:00","breadcrumb":{"@id":"https:\/\/www.cavallcartro.cat\/escoles\/llim-el-cargol\/ampa\/#breadcrumb"},"inLanguage":"ca","potentialAction":[{"@type":"ReadAction","target":["https:\/\/www.cavallcartro.cat\/escoles\/llim-el-cargol\/ampa\/"]}]},{"@type":"BreadcrumbList","@id":"https:\/\/www.cavallcartro.cat\/escoles\/llim-el-cargol\/ampa\/#breadcrumb","itemListElement":[{"@type":"ListItem","position":1,"name":"Portada","item":"https:\/\/www.cavallcartro.cat\/escoles\/llim-el-cargol\/"},{"@type":"ListItem","position":2,"name":"AMPA"}]},{"@type":"WebSite","@id":"https:\/\/www.cavallcartro.cat\/escoles\/llim-el-cargol\/#website","url":"https:\/\/www.cavallcartro.cat\/escoles\/llim-el-cargol\/","name":"LLIM EL CARGOL. Llar d'infants municipal de Sant Pere de Ribes","description":"Escola bressol municipal de Sant Pere de Ribes. El nostre projecte educatiu així com la masia que ens acull faciliten l&#039;acompanyament dels infants en la descoberta, l&#039;aprenentatge i l&#039;autonomia.","publisher":{"@id":"https:\/\/www.cavallcartro.cat\/escoles\/llim-el-cargol\/#organization"},"potentialAction":[{"@type":"SearchAction","target":{"@type":"EntryPoint","urlTemplate":"https:\/\/www.cavallcartro.cat\/escoles\/llim-el-cargol\/?s={search_term_string}"},"query-input":{"@type":"PropertyValueSpecification","valueRequired":true,"valueName":"search_term_string"}}],"inLanguage":"ca"},{"@type":"Organization","@id":"https:\/\/www.cavallcartro.cat\/escoles\/llim-el-cargol\/#organization","name":"LLIM EL CARGOL. Llar d'infants municipal de Sant Pere de Ribes","url":"https:\/\/www.cavallcartro.cat\/escoles\/llim-el-cargol\/","logo":{"@type":"ImageObject","inLanguage":"ca","@id":"https:\/\/www.cavallcartro.cat\/escoles\/llim-el-cargol\/#\/schema\/logo\/image\/","url":"https:\/\/www.cavallcartro.cat\/escoles\/llim-el-cargol\/wp-content\/uploads\/sites\/29\/2024\/03\/Logo-Llar-dinfants-Municipal-El-Cargol-de-Sant-Pere-de-Ribes.jpg","contentUrl":"https:\/\/www.cavallcartro.cat\/escoles\/llim-el-cargol\/wp-content\/uploads\/sites\/29\/2024\/03\/Logo-Llar-dinfants-Municipal-El-Cargol-de-Sant-Pere-de-Ribes.jpg","width":398,"height":356,"caption":"LLIM EL CARGOL. Llar d'infants municipal de Sant Pere de Ribes"},"image":{"@id":"https:\/\/www.cavallcartro.cat\/escoles\/llim-el-cargol\/#\/schema\/logo\/image\/"},"sameAs":["https:\/\/facebook.com\/cavallcartroedu","https:\/\/x.com\/cavallcartroedu"]}]}</script>
<!-- / Yoast SEO plugin. -->

Escola bressol municipal de Sant Pere de Ribes. El nostre projecte educatiu així com la masia que ens acull faciliten l&#039;acompanyament dels infants en la descoberta, l&#039;aprenentatge i l&#039;autonomia.
