{"id":7,"date":"2023-03-03T15:53:53","date_gmt":"2023-03-03T15:53:53","guid":{"rendered":"https:\/\/www.cavallcartro.cat\/escoles\/llar-infants-esquirol\/?page_id=7"},"modified":"2023-03-04T16:26:12","modified_gmt":"2023-03-04T16:26:12","slug":"ampa","status":"publish","type":"page","link":"https:\/\/www.cavallcartro.cat\/escoles\/llar-infants-esquirol\/ampa\/","title":{"rendered":"AMPA"},"content":{"rendered":"<div class=\"wpb-content-wrapper\">[vc_row][vc_column]<div  class=\"swmsc_fancy_heading swmsc_fancy_heading_center fh_icon_fancyHeadingNoIcon\" style=\"margin-top:40px;margin-bottom:40px;\">\n\t\t\t\t\t\t<div class=\"swmsc_fancy_heading_text\" style=\"font-size:30px;line-height:36px;\">\n\t\t\t\t\t\t\t\n<h1>AMPA <strong>LLIM L&#8217;Esquirol i Nou Esquirol<\/strong><\/h1>\n\n\t\t\t\t\t\t\t<div class=\"swmsc_fancy_heading_border\">\n\t\t\t\t\t\t\t\t<span class=\"swmsc_fancy_heading_border1\" style=\"background:#f8b54d;\"><\/span>\n\t\t\t\t\t\t\t\t<span class=\"swmsc_fancy_heading_border2\" style=\"background:#f8b54d;\"><\/span>\n\t\t\t\t\t\t\t\t<span class=\"swmsc_fancy_heading_icon\"><i class=\"fa fa-fancyHeadingNoIcon\"  style=\"color:#8373ce;\"><\/i><\/span>\n\t\t\t\t\t\t\t<\/div>\n\t\t\t\t\t\t<\/div>\n\t\t\t\t\t<\/div>[\/vc_column][\/vc_row]\n<\/div>","protected":false},"excerpt":{"rendered":"<p>[vc_row][vc_column][\/vc_column][\/vc_row]<\/p>\n","protected":false},"author":1,"featured_media":0,"parent":0,"menu_order":0,"comment_status":"closed","ping_status":"closed","template":"","meta":{"footnotes":""},"class_list":["post-7","page","type-page","status-publish","hentry"],"yoast_head":"<!-- This site is optimized with the Yoast SEO plugin v27.5 - https:\/\/yoast.com\/product\/yoast-seo-wordpress\/ -->\n<title>AMPA - Llars d&#039;Infants Municipals L&#039;Esquirol i Nou Esquirol de La Pobla de Mafumet<\/title>\n<meta name=\"robots\" content=\"index, follow, max-snippet:-1, max-image-preview:large, max-video-preview:-1\" \/>\n<link rel=\"canonical\" href=\"https:\/\/www.cavallcartro.cat\/escoles\/llar-infants-esquirol\/ampa\/\" \/>\n<meta property=\"og:locale\" content=\"ca_ES\" \/>\n<meta property=\"og:type\" content=\"article\" \/>\n<meta property=\"og:title\" content=\"AMPA - Llars d&#039;Infants Municipals L&#039;Esquirol i Nou Esquirol de La Pobla de Mafumet\" \/>\n<meta property=\"og:description\" content=\"[vc_row][vc_column][\/vc_column][\/vc_row]\" \/>\n<meta property=\"og:url\" content=\"https:\/\/www.cavallcartro.cat\/escoles\/llar-infants-esquirol\/ampa\/\" \/>\n<meta property=\"og:site_name\" content=\"Llars d&#039;Infants Municipals L&#039;Esquirol i Nou Esquirol de La Pobla de Mafumet\" \/>\n<meta property=\"article:publisher\" content=\"https:\/\/www.facebook.com\/cavallcartroedu\" \/>\n<meta property=\"article:modified_time\" content=\"2023-03-04T16:26:12+00:00\" \/>\n<meta name=\"twitter:card\" content=\"summary_large_image\" \/>\n<meta name=\"twitter:site\" content=\"@cavallcartroedu\" \/>\n<meta name=\"twitter:label1\" content=\"Temps estimat de lectura\" \/>\n\t<meta name=\"twitter:data1\" content=\"1 minut\" \/>\n<script type=\"application\/ld+json\" class=\"yoast-schema-graph\">{\"@context\":\"https:\\\/\\\/schema.org\",\"@graph\":[{\"@type\":\"WebPage\",\"@id\":\"https:\\\/\\\/www.cavallcartro.cat\\\/escoles\\\/llar-infants-esquirol\\\/ampa\\\/\",\"url\":\"https:\\\/\\\/www.cavallcartro.cat\\\/escoles\\\/llar-infants-esquirol\\\/ampa\\\/\",\"name\":\"AMPA - Llars d&#039;Infants Municipals L&#039;Esquirol i Nou Esquirol de La Pobla de Mafumet\",\"isPartOf\":{\"@id\":\"https:\\\/\\\/www.cavallcartro.cat\\\/escoles\\\/llar-infants-esquirol\\\/#website\"},\"datePublished\":\"2023-03-03T15:53:53+00:00\",\"dateModified\":\"2023-03-04T16:26:12+00:00\",\"breadcrumb\":{\"@id\":\"https:\\\/\\\/www.cavallcartro.cat\\\/escoles\\\/llar-infants-esquirol\\\/ampa\\\/#breadcrumb\"},\"inLanguage\":\"ca\",\"potentialAction\":[{\"@type\":\"ReadAction\",\"target\":[\"https:\\\/\\\/www.cavallcartro.cat\\\/escoles\\\/llar-infants-esquirol\\\/ampa\\\/\"]}]},{\"@type\":\"BreadcrumbList\",\"@id\":\"https:\\\/\\\/www.cavallcartro.cat\\\/escoles\\\/llar-infants-esquirol\\\/ampa\\\/#breadcrumb\",\"itemListElement\":[{\"@type\":\"ListItem\",\"position\":1,\"name\":\"Portada\",\"item\":\"https:\\\/\\\/www.cavallcartro.cat\\\/escoles\\\/llar-infants-esquirol\\\/\"},{\"@type\":\"ListItem\",\"position\":2,\"name\":\"AMPA\"}]},{\"@type\":\"WebSite\",\"@id\":\"https:\\\/\\\/www.cavallcartro.cat\\\/escoles\\\/llar-infants-esquirol\\\/#website\",\"url\":\"https:\\\/\\\/www.cavallcartro.cat\\\/escoles\\\/llar-infants-esquirol\\\/\",\"name\":\"Llars d'Infants Municipals Esquirol i Nou Esquirol de La Pobla de Mafumet\",\"description\":\"Les llars d&#039;infants municipals L&#039;Esquirol i Nou Esquirol, de La Pobla de Mafumet, al Tarragon\u00e8s, s\u00f3n espais on els infants s\u00f3n protagonistes\",\"publisher\":{\"@id\":\"https:\\\/\\\/www.cavallcartro.cat\\\/escoles\\\/llar-infants-esquirol\\\/#organization\"},\"potentialAction\":[{\"@type\":\"SearchAction\",\"target\":{\"@type\":\"EntryPoint\",\"urlTemplate\":\"https:\\\/\\\/www.cavallcartro.cat\\\/escoles\\\/llar-infants-esquirol\\\/?s={search_term_string}\"},\"query-input\":{\"@type\":\"PropertyValueSpecification\",\"valueRequired\":true,\"valueName\":\"search_term_string\"}}],\"inLanguage\":\"ca\"},{\"@type\":\"Organization\",\"@id\":\"https:\\\/\\\/www.cavallcartro.cat\\\/escoles\\\/llar-infants-esquirol\\\/#organization\",\"name\":\"Llars d'Infants Municipals Esquirol i Nou Esquirol de La Pobla de Mafumet\",\"url\":\"https:\\\/\\\/www.cavallcartro.cat\\\/escoles\\\/llar-infants-esquirol\\\/\",\"logo\":{\"@type\":\"ImageObject\",\"inLanguage\":\"ca\",\"@id\":\"https:\\\/\\\/www.cavallcartro.cat\\\/escoles\\\/llar-infants-esquirol\\\/#\\\/schema\\\/logo\\\/image\\\/\",\"url\":\"https:\\\/\\\/www.cavallcartro.cat\\\/escoles\\\/llar-infants-esquirol\\\/wp-content\\\/uploads\\\/sites\\\/43\\\/2023\\\/03\\\/Logo-Llar-Infants-Municipal-LEsquirol-La-Pobla-de-Mafumet.jpg\",\"contentUrl\":\"https:\\\/\\\/www.cavallcartro.cat\\\/escoles\\\/llar-infants-esquirol\\\/wp-content\\\/uploads\\\/sites\\\/43\\\/2023\\\/03\\\/Logo-Llar-Infants-Municipal-LEsquirol-La-Pobla-de-Mafumet.jpg\",\"width\":750,\"height\":472,\"caption\":\"Llars d'Infants Municipals Esquirol i Nou Esquirol de La Pobla de Mafumet\"},\"image\":{\"@id\":\"https:\\\/\\\/www.cavallcartro.cat\\\/escoles\\\/llar-infants-esquirol\\\/#\\\/schema\\\/logo\\\/image\\\/\"},\"sameAs\":[\"https:\\\/\\\/www.facebook.com\\\/cavallcartroedu\",\"https:\\\/\\\/x.com\\\/cavallcartroedu\",\"https:\\\/\\\/www.instagram.com\\\/cavallcartroedu\"]}]}<\/script>\n<!-- \/ Yoast SEO plugin. -->","yoast_head_json":{"title":"AMPA - Llars d&#039;Infants Municipals L&#039;Esquirol i Nou Esquirol de La Pobla de Mafumet","robots":{"index":"index","follow":"follow","max-snippet":"max-snippet:-1","max-image-preview":"max-image-preview:large","max-video-preview":"max-video-preview:-1"},"canonical":"https:\/\/www.cavallcartro.cat\/escoles\/llar-infants-esquirol\/ampa\/","og_locale":"ca_ES","og_type":"article","og_title":"AMPA - Llars d&#039;Infants Municipals L&#039;Esquirol i Nou Esquirol de La Pobla de Mafumet","og_description":"[vc_row][vc_column][\/vc_column][\/vc_row]","og_url":"https:\/\/www.cavallcartro.cat\/escoles\/llar-infants-esquirol\/ampa\/","og_site_name":"Llars d&#039;Infants Municipals L&#039;Esquirol i Nou Esquirol de La Pobla de Mafumet","article_publisher":"https:\/\/www.facebook.com\/cavallcartroedu","article_modified_time":"2023-03-04T16:26:12+00:00","twitter_card":"summary_large_image","twitter_site":"@cavallcartroedu","twitter_misc":{"Temps estimat de lectura":"1 minut"},"schema":{"@context":"https:\/\/schema.org","@graph":[{"@type":"WebPage","@id":"https:\/\/www.cavallcartro.cat\/escoles\/llar-infants-esquirol\/ampa\/","url":"https:\/\/www.cavallcartro.cat\/escoles\/llar-infants-esquirol\/ampa\/","name":"AMPA - Llars d&#039;Infants Municipals L&#039;Esquirol i Nou Esquirol de La Pobla de Mafumet","isPartOf":{"@id":"https:\/\/www.cavallcartro.cat\/escoles\/llar-infants-esquirol\/#website"},"datePublished":"2023-03-03T15:53:53+00:00","dateModified":"2023-03-04T16:26:12+00:00","breadcrumb":{"@id":"https:\/\/www.cavallcartro.cat\/escoles\/llar-infants-esquirol\/ampa\/#breadcrumb"},"inLanguage":"ca","potentialAction":[{"@type":"ReadAction","target":["https:\/\/www.cavallcartro.cat\/escoles\/llar-infants-esquirol\/ampa\/"]}]},{"@type":"BreadcrumbList","@id":"https:\/\/www.cavallcartro.cat\/escoles\/llar-infants-esquirol\/ampa\/#breadcrumb","itemListElement":[{"@type":"ListItem","position":1,"name":"Portada","item":"https:\/\/www.cavallcartro.cat\/escoles\/llar-infants-esquirol\/"},{"@type":"ListItem","position":2,"name":"AMPA"}]},{"@type":"WebSite","@id":"https:\/\/www.cavallcartro.cat\/escoles\/llar-infants-esquirol\/#website","url":"https:\/\/www.cavallcartro.cat\/escoles\/llar-infants-esquirol\/","name":"Llars d'Infants Municipals Esquirol i Nou Esquirol de La Pobla de Mafumet","description":"Les llars d&#039;infants municipals L&#039;Esquirol i Nou Esquirol, de La Pobla de Mafumet, al Tarragon\u00e8s, s\u00f3n espais on els infants s\u00f3n protagonistes","publisher":{"@id":"https:\/\/www.cavallcartro.cat\/escoles\/llar-infants-esquirol\/#organization"},"potentialAction":[{"@type":"SearchAction","target":{"@type":"EntryPoint","urlTemplate":"https:\/\/www.cavallcartro.cat\/escoles\/llar-infants-esquirol\/?s={search_term_string}"},"query-input":{"@type":"PropertyValueSpecification","valueRequired":true,"valueName":"search_term_string"}}],"inLanguage":"ca"},{"@type":"Organization","@id":"https:\/\/www.cavallcartro.cat\/escoles\/llar-infants-esquirol\/#organization","name":"Llars d'Infants Municipals Esquirol i Nou Esquirol de La Pobla de Mafumet","url":"https:\/\/www.cavallcartro.cat\/escoles\/llar-infants-esquirol\/","logo":{"@type":"ImageObject","inLanguage":"ca","@id":"https:\/\/www.cavallcartro.cat\/escoles\/llar-infants-esquirol\/#\/schema\/logo\/image\/","url":"https:\/\/www.cavallcartro.cat\/escoles\/llar-infants-esquirol\/wp-content\/uploads\/sites\/43\/2023\/03\/Logo-Llar-Infants-Municipal-LEsquirol-La-Pobla-de-Mafumet.jpg","contentUrl":"https:\/\/www.cavallcartro.cat\/escoles\/llar-infants-esquirol\/wp-content\/uploads\/sites\/43\/2023\/03\/Logo-Llar-Infants-Municipal-LEsquirol-La-Pobla-de-Mafumet.jpg","width":750,"height":472,"caption":"Llars d'Infants Municipals Esquirol i Nou Esquirol de La Pobla de Mafumet"},"image":{"@id":"https:\/\/www.cavallcartro.cat\/escoles\/llar-infants-esquirol\/#\/schema\/logo\/image\/"},"sameAs":["https:\/\/www.facebook.com\/cavallcartroedu","https:\/\/x.com\/cavallcartroedu","https:\/\/www.instagram.com\/cavallcartroedu"]}]}},"_links":{"self":[{"href":"https:\/\/www.cavallcartro.cat\/escoles\/llar-infants-esquirol\/wp-json\/wp\/v2\/pages\/7","targetHints":{"allow":["GET"]}}],"collection":[{"href":"https:\/\/www.cavallcartro.cat\/escoles\/llar-infants-esquirol\/wp-json\/wp\/v2\/pages"}],"about":[{"href":"https:\/\/www.cavallcartro.cat\/escoles\/llar-infants-esquirol\/wp-json\/wp\/v2\/types\/page"}],"author":[{"embeddable":true,"href":"https:\/\/www.cavallcartro.cat\/escoles\/llar-infants-esquirol\/wp-json\/wp\/v2\/users\/1"}],"replies":[{"embeddable":true,"href":"https:\/\/www.cavallcartro.cat\/escoles\/llar-infants-esquirol\/wp-json\/wp\/v2\/comments?post=7"}],"version-history":[{"count":3,"href":"https:\/\/www.cavallcartro.cat\/escoles\/llar-infants-esquirol\/wp-json\/wp\/v2\/pages\/7\/revisions"}],"predecessor-version":[{"id":73,"href":"https:\/\/www.cavallcartro.cat\/escoles\/llar-infants-esquirol\/wp-json\/wp\/v2\/pages\/7\/revisions\/73"}],"wp:attachment":[{"href":"https:\/\/www.cavallcartro.cat\/escoles\/llar-infants-esquirol\/wp-json\/wp\/v2\/media?parent=7"}],"curies":[{"name":"wp","href":"https:\/\/api.w.org\/{rel}","templated":true}]}}

<!-- This site is optimized with the Yoast SEO plugin v27.5 - https://yoast.com/product/yoast-seo-wordpress/ -->
<title>AMPA - Llars d&#039;Infants Municipals L&#039;Esquirol i Nou Esquirol de La Pobla de Mafumet</title>
<meta name="robots" content="index, follow, max-snippet:-1, max-image-preview:large, max-video-preview:-1" />
<link rel="canonical" href="https://www.cavallcartro.cat/escoles/llar-infants-esquirol/ampa/" />
<meta property="og:locale" content="ca_ES" />
<meta property="og:type" content="article" />
<meta property="og:title" content="AMPA - Llars d&#039;Infants Municipals L&#039;Esquirol i Nou Esquirol de La Pobla de Mafumet" />
<meta property="og:description" content="[vc_row][vc_column][/vc_column][/vc_row]" />
<meta property="og:url" content="https://www.cavallcartro.cat/escoles/llar-infants-esquirol/ampa/" />
<meta property="og:site_name" content="Llars d&#039;Infants Municipals L&#039;Esquirol i Nou Esquirol de La Pobla de Mafumet" />
<meta property="article:publisher" content="https://www.facebook.com/cavallcartroedu" />
<meta property="article:modified_time" content="2023-03-04T16:26:12+00:00" />
<meta name="twitter:card" content="summary_large_image" />
<meta name="twitter:site" content="@cavallcartroedu" />
<meta name="twitter:label1" content="Temps estimat de lectura" />
	<meta name="twitter:data1" content="1 minut" />
<script type="application/ld+json" class="yoast-schema-graph">{"@context":"https:\/\/schema.org","@graph":[{"@type":"WebPage","@id":"https:\/\/www.cavallcartro.cat\/escoles\/llar-infants-esquirol\/ampa\/","url":"https:\/\/www.cavallcartro.cat\/escoles\/llar-infants-esquirol\/ampa\/","name":"AMPA - Llars d&#039;Infants Municipals L&#039;Esquirol i Nou Esquirol de La Pobla de Mafumet","isPartOf":{"@id":"https:\/\/www.cavallcartro.cat\/escoles\/llar-infants-esquirol\/#website"},"datePublished":"2023-03-03T15:53:53+00:00","dateModified":"2023-03-04T16:26:12+00:00","breadcrumb":{"@id":"https:\/\/www.cavallcartro.cat\/escoles\/llar-infants-esquirol\/ampa\/#breadcrumb"},"inLanguage":"ca","potentialAction":[{"@type":"ReadAction","target":["https:\/\/www.cavallcartro.cat\/escoles\/llar-infants-esquirol\/ampa\/"]}]},{"@type":"BreadcrumbList","@id":"https:\/\/www.cavallcartro.cat\/escoles\/llar-infants-esquirol\/ampa\/#breadcrumb","itemListElement":[{"@type":"ListItem","position":1,"name":"Portada","item":"https:\/\/www.cavallcartro.cat\/escoles\/llar-infants-esquirol\/"},{"@type":"ListItem","position":2,"name":"AMPA"}]},{"@type":"WebSite","@id":"https:\/\/www.cavallcartro.cat\/escoles\/llar-infants-esquirol\/#website","url":"https:\/\/www.cavallcartro.cat\/escoles\/llar-infants-esquirol\/","name":"Llars d'Infants Municipals Esquirol i Nou Esquirol de La Pobla de Mafumet","description":"Les llars d&#039;infants municipals L&#039;Esquirol i Nou Esquirol, de La Pobla de Mafumet, al Tarragonès, són espais on els infants són protagonistes","publisher":{"@id":"https:\/\/www.cavallcartro.cat\/escoles\/llar-infants-esquirol\/#organization"},"potentialAction":[{"@type":"SearchAction","target":{"@type":"EntryPoint","urlTemplate":"https:\/\/www.cavallcartro.cat\/escoles\/llar-infants-esquirol\/?s={search_term_string}"},"query-input":{"@type":"PropertyValueSpecification","valueRequired":true,"valueName":"search_term_string"}}],"inLanguage":"ca"},{"@type":"Organization","@id":"https:\/\/www.cavallcartro.cat\/escoles\/llar-infants-esquirol\/#organization","name":"Llars d'Infants Municipals Esquirol i Nou Esquirol de La Pobla de Mafumet","url":"https:\/\/www.cavallcartro.cat\/escoles\/llar-infants-esquirol\/","logo":{"@type":"ImageObject","inLanguage":"ca","@id":"https:\/\/www.cavallcartro.cat\/escoles\/llar-infants-esquirol\/#\/schema\/logo\/image\/","url":"https:\/\/www.cavallcartro.cat\/escoles\/llar-infants-esquirol\/wp-content\/uploads\/sites\/43\/2023\/03\/Logo-Llar-Infants-Municipal-LEsquirol-La-Pobla-de-Mafumet.jpg","contentUrl":"https:\/\/www.cavallcartro.cat\/escoles\/llar-infants-esquirol\/wp-content\/uploads\/sites\/43\/2023\/03\/Logo-Llar-Infants-Municipal-LEsquirol-La-Pobla-de-Mafumet.jpg","width":750,"height":472,"caption":"Llars d'Infants Municipals Esquirol i Nou Esquirol de La Pobla de Mafumet"},"image":{"@id":"https:\/\/www.cavallcartro.cat\/escoles\/llar-infants-esquirol\/#\/schema\/logo\/image\/"},"sameAs":["https:\/\/www.facebook.com\/cavallcartroedu","https:\/\/x.com\/cavallcartroedu","https:\/\/www.instagram.com\/cavallcartroedu"]}]}</script>
<!-- / Yoast SEO plugin. -->

Les llars d&#039;infants municipals L&#039;Esquirol i Nou Esquirol, de La Pobla de Mafumet, al Tarragonès, són espais on els infants són protagonistes
