{"id":30,"date":"2018-07-24T09:38:53","date_gmt":"2018-07-24T09:38:53","guid":{"rendered":"http:\/\/www.cavallcartro.cat\/escoles\/ebm-uni-dori\/?page_id=30"},"modified":"2020-02-04T18:31:39","modified_gmt":"2020-02-04T18:31:39","slug":"contacte","status":"publish","type":"page","link":"https:\/\/www.cavallcartro.cat\/escoles\/ebm-uni-dori\/contacte\/","title":{"rendered":"Contacte"},"content":{"rendered":"<div class=\"wpb-content-wrapper\">[vc_row full_width=&#8221;stretch_row&#8221; css=&#8221;.vc_custom_1507109100639{padding-bottom: 50px !important;background-image: url(https:\/\/www.cavallcartro.cat\/escoles\/llim-avet-blau\/wp-content\/uploads\/sites\/9\/2017\/09\/fons1.jpg?id=74) !important;}&#8221;][vc_column width=&#8221;1\/3&#8243;][vc_icon icon_fontawesome=&#8221;fa fa-map-marker&#8221; color=&#8221;custom&#8221; size=&#8221;lg&#8221; align=&#8221;center&#8221;]<div  class=\"swmsc_text_block\" > \n<p style=\"text-align: center;\">UNI DORI, Passeig Olof Palme, 15, 08917 Badalona<\/p>\n<\/div>[\/vc_column][vc_column width=&#8221;1\/3&#8243;][vc_icon icon_fontawesome=&#8221;fa fa-phone&#8221; color=&#8221;custom&#8221; size=&#8221;lg&#8221; align=&#8221;center&#8221;]<div  class=\"swmsc_text_block\" > \n<p style=\"text-align: center;\"><a href=\"tel:+34934970628\">934 97 06 28<\/a><\/p>\n<\/div>[\/vc_column][vc_column width=&#8221;1\/3&#8243;][vc_icon icon_fontawesome=&#8221;fa fa-envelope&#8221; color=&#8221;custom&#8221; size=&#8221;lg&#8221; align=&#8221;center&#8221;]<div  class=\"swmsc_text_block\" > \n<p style=\"text-align: center;\"><a href=\"mailto:rpin@cavallcartro.cat\">rpin@cavallcartro.cat<\/a><\/p>\n<\/div>[\/vc_column][\/vc_row][vc_row][vc_column]<div  class=\"swmsc_fancy_heading swmsc_fancy_heading_center fh_icon_envelope-o\" style=\"margin-top:20px;margin-bottom:40px;\">\n\t\t\t\t\t\t<div class=\"swmsc_fancy_heading_text\" style=\"font-size:42px;line-height:30px;\">\n\t\t\t\t\t\t\t\n<h1><strong>Contacte<\/strong><\/h1>\n\n\t\t\t\t\t\t\t<div class=\"swmsc_fancy_heading_border\">\n\t\t\t\t\t\t\t\t<span class=\"swmsc_fancy_heading_border1\" style=\"background:#87888a;\"><\/span>\n\t\t\t\t\t\t\t\t<span class=\"swmsc_fancy_heading_border2\" style=\"background:#87888a;\"><\/span>\n\t\t\t\t\t\t\t\t<span class=\"swmsc_fancy_heading_icon\"><i class=\"fa fa-envelope-o\"  style=\"color:#9295cc;\"><\/i><\/span>\n\t\t\t\t\t\t\t<\/div>\n\t\t\t\t\t\t<\/div>\n\t\t\t\t\t<\/div><div  class=\"clear swmsc_gap\" style=\"margin:10px 0 0 0;\"><\/div><div  class=\"swmsc_text_block\" > \n<p>Ompliu aquest formulari si desitgeu fer-nos qualsevol mena de suggeriment o pregunta. Us intentarem atendre el m\u00e9s aviat possible.<\/p>\n<\/div><div  class=\"clear swmsc_gap\" style=\"margin:30px 0 0 0;\"><\/div><p class=\"wpcf7-contact-form-not-found\"><strong>Error:<\/strong> No s&#039;ha trobat el formulari de contacte.<\/p><div  class=\"clear swmsc_gap\" style=\"margin:90px 0 0 0;\"><\/div>[vc_gmaps link=&#8221;#E-8_JTNDaWZyYW1lJTIwc3JjJTNEJTIyaHR0cHMlM0ElMkYlMkZ3d3cuZ29vZ2xlLmNvbSUyRm1hcHMlMkZlbWJlZCUzRnBiJTNEJTIxMW0xOCUyMTFtMTIlMjExbTMlMjExZDI5OTAuMjMzOTUxMDYyMzE5JTIxMmQyLjIyMzU1NzQxNTA3NDM1NCUyMTNkNDEuNDU1ODQwODk5NzEyMjYlMjEybTMlMjExZjAlMjEyZjAlMjEzZjAlMjEzbTIlMjExaTEwMjQlMjEyaTc2OCUyMTRmMTMuMSUyMTNtMyUyMTFtMiUyMTFzMHgxMmE0YmI3ZTY2YzAwZDhkJTI1M0EweGM0Yzg4MzRhYThkZTJlNGYlMjEyc0VzY29sYSUyNTIwQnJlc3NvbCUyNTIwTXVuaWNpcGFsJTI1MjBVbmklMjUyMERvcmklMjE1ZTAlMjEzbTIlMjExc2NhJTIxMnNlcyUyMTR2MTU4MDg0MTA2MTA1MSUyMTVtMiUyMTFzY2ElMjEyc2VzJTIyJTIwd2lkdGglM0QlMjI2MDAlMjIlMjBoZWlnaHQlM0QlMjI0NTAlMjIlMjBmcmFtZWJvcmRlciUzRCUyMjAlMjIlMjBzdHlsZSUzRCUyMmJvcmRlciUzQTAlM0IlMjIlMjBhbGxvd2Z1bGxzY3JlZW4lM0QlMjIlMjIlM0UlM0MlMkZpZnJhbWUlM0U=&#8221;][\/vc_column][\/vc_row]\n<\/div>","protected":false},"excerpt":{"rendered":"<p>[vc_row full_width=&#8221;stretch_row&#8221; css=&#8221;.vc_custom_1507109100639{padding-bottom: 50px !important;background-image: url(https:\/\/www.cavallcartro.cat\/escoles\/llim-avet-blau\/wp-content\/uploads\/sites\/9\/2017\/09\/fons1.jpg?id=74) !important;}&#8221;][vc_column width=&#8221;1\/3&#8243;][vc_icon icon_fontawesome=&#8221;fa fa-map-marker&#8221; color=&#8221;custom&#8221; size=&#8221;lg&#8221; align=&#8221;center&#8221;][\/vc_column][vc_column width=&#8221;1\/3&#8243;][vc_icon icon_fontawesome=&#8221;fa fa-phone&#8221; color=&#8221;custom&#8221; size=&#8221;lg&#8221; align=&#8221;center&#8221;][\/vc_column][vc_column width=&#8221;1\/3&#8243;][vc_icon icon_fontawesome=&#8221;fa fa-envelope&#8221; color=&#8221;custom&#8221; size=&#8221;lg&#8221; align=&#8221;center&#8221;][\/vc_column][\/vc_row][vc_row][vc_column][vc_gmaps link=&#8221;#E-8_JTNDaWZyYW1lJTIwc3JjJTNEJTIyaHR0cHMlM0ElMkYlMkZ3d3cuZ29vZ2xlLmNvbSUyRm1hcHMlMkZlbWJlZCUzRnBiJTNEJTIxMW0xOCUyMTFtMTIlMjExbTMlMjExZDI5OTAuMjMzOTUxMDYyMzE5JTIxMmQyLjIyMzU1NzQxNTA3NDM1NCUyMTNkNDEuNDU1ODQwODk5NzEyMjYlMjEybTMlMjExZjAlMjEyZjAlMjEzZjAlMjEzbTIlMjExaTEwMjQlMjEyaTc2OCUyMTRmMTMuMSUyMTNtMyUyMTFtMiUyMTFzMHgxMmE0YmI3ZTY2YzAwZDhkJTI1M0EweGM0Yzg4MzRhYThkZTJlNGYlMjEyc0VzY29sYSUyNTIwQnJlc3NvbCUyNTIwTXVuaWNpcGFsJTI1MjBVbmklMjUyMERvcmklMjE1ZTAlMjEzbTIlMjExc2NhJTIxMnNlcyUyMTR2MTU4MDg0MTA2MTA1MSUyMTVtMiUyMTFzY2ElMjEyc2VzJTIyJTIwd2lkdGglM0QlMjI2MDAlMjIlMjBoZWlnaHQlM0QlMjI0NTAlMjIlMjBmcmFtZWJvcmRlciUzRCUyMjAlMjIlMjBzdHlsZSUzRCUyMmJvcmRlciUzQTAlM0IlMjIlMjBhbGxvd2Z1bGxzY3JlZW4lM0QlMjIlMjIlM0UlM0MlMkZpZnJhbWUlM0U=&#8221;][\/vc_column][\/vc_row]<\/p>\n","protected":false},"author":1,"featured_media":0,"parent":0,"menu_order":0,"comment_status":"closed","ping_status":"closed","template":"","meta":{"footnotes":""},"class_list":["post-30","page","type-page","status-publish","hentry"],"yoast_head":"<!-- This site is optimized with the Yoast SEO plugin v27.4 - https:\/\/yoast.com\/product\/yoast-seo-wordpress\/ -->\n<title>Contacte - EBM UNI DORI - Escola Bressol Municipal de Badalona<\/title>\n<meta name=\"robots\" content=\"index, follow, max-snippet:-1, max-image-preview:large, max-video-preview:-1\" \/>\n<link rel=\"canonical\" href=\"https:\/\/www.cavallcartro.cat\/escoles\/ebm-uni-dori\/contacte\/\" \/>\n<meta property=\"og:locale\" content=\"ca_ES\" \/>\n<meta property=\"og:type\" content=\"article\" \/>\n<meta property=\"og:title\" content=\"Contacte - EBM UNI DORI - Escola Bressol Municipal de Badalona\" \/>\n<meta property=\"og:description\" content=\"[vc_row full_width=&#8221;stretch_row&#8221; css=&#8221;.vc_custom_1507109100639{padding-bottom: 50px !important;background-image: url(https:\/\/www.cavallcartro.cat\/escoles\/llim-avet-blau\/wp-content\/uploads\/sites\/9\/2017\/09\/fons1.jpg?id=74) !important;}&#8221;][vc_column width=&#8221;1\/3&#8243;][vc_icon icon_fontawesome=&#8221;fa fa-map-marker&#8221; color=&#8221;custom&#8221; size=&#8221;lg&#8221; align=&#8221;center&#8221;][\/vc_column][vc_column width=&#8221;1\/3&#8243;][vc_icon icon_fontawesome=&#8221;fa fa-phone&#8221; color=&#8221;custom&#8221; size=&#8221;lg&#8221; align=&#8221;center&#8221;][\/vc_column][vc_column width=&#8221;1\/3&#8243;][vc_icon icon_fontawesome=&#8221;fa fa-envelope&#8221; color=&#8221;custom&#8221; size=&#8221;lg&#8221; align=&#8221;center&#8221;][\/vc_column][\/vc_row][vc_row][vc_column][vc_gmaps link=&#8221;#E-8_JTNDaWZyYW1lJTIwc3JjJTNEJTIyaHR0cHMlM0ElMkYlMkZ3d3cuZ29vZ2xlLmNvbSUyRm1hcHMlMkZlbWJlZCUzRnBiJTNEJTIxMW0xOCUyMTFtMTIlMjExbTMlMjExZDI5OTAuMjMzOTUxMDYyMzE5JTIxMmQyLjIyMzU1NzQxNTA3NDM1NCUyMTNkNDEuNDU1ODQwODk5NzEyMjYlMjEybTMlMjExZjAlMjEyZjAlMjEzZjAlMjEzbTIlMjExaTEwMjQlMjEyaTc2OCUyMTRmMTMuMSUyMTNtMyUyMTFtMiUyMTFzMHgxMmE0YmI3ZTY2YzAwZDhkJTI1M0EweGM0Yzg4MzRhYThkZTJlNGYlMjEyc0VzY29sYSUyNTIwQnJlc3NvbCUyNTIwTXVuaWNpcGFsJTI1MjBVbmklMjUyMERvcmklMjE1ZTAlMjEzbTIlMjExc2NhJTIxMnNlcyUyMTR2MTU4MDg0MTA2MTA1MSUyMTVtMiUyMTFzY2ElMjEyc2VzJTIyJTIwd2lkdGglM0QlMjI2MDAlMjIlMjBoZWlnaHQlM0QlMjI0NTAlMjIlMjBmcmFtZWJvcmRlciUzRCUyMjAlMjIlMjBzdHlsZSUzRCUyMmJvcmRlciUzQTAlM0IlMjIlMjBhbGxvd2Z1bGxzY3JlZW4lM0QlMjIlMjIlM0UlM0MlMkZpZnJhbWUlM0U=&#8221;][\/vc_column][\/vc_row]\" \/>\n<meta property=\"og:url\" content=\"https:\/\/www.cavallcartro.cat\/escoles\/ebm-uni-dori\/contacte\/\" \/>\n<meta property=\"og:site_name\" content=\"EBM UNI DORI - Escola Bressol Municipal de Badalona\" \/>\n<meta property=\"article:publisher\" content=\"https:\/\/www.facebook.com\/cavallcartroedu\" \/>\n<meta property=\"article:modified_time\" content=\"2020-02-04T18:31:39+00:00\" \/>\n<meta name=\"twitter:card\" content=\"summary_large_image\" \/>\n<meta name=\"twitter:site\" content=\"@cavallcartroedu\" \/>\n<meta name=\"twitter:label1\" content=\"Temps estimat de lectura\" \/>\n\t<meta name=\"twitter:data1\" content=\"1 minut\" \/>\n<script type=\"application\/ld+json\" class=\"yoast-schema-graph\">{\"@context\":\"https:\\\/\\\/schema.org\",\"@graph\":[{\"@type\":\"WebPage\",\"@id\":\"https:\\\/\\\/www.cavallcartro.cat\\\/escoles\\\/ebm-uni-dori\\\/contacte\\\/\",\"url\":\"https:\\\/\\\/www.cavallcartro.cat\\\/escoles\\\/ebm-uni-dori\\\/contacte\\\/\",\"name\":\"Contacte - EBM UNI DORI - Escola Bressol Municipal de Badalona\",\"isPartOf\":{\"@id\":\"https:\\\/\\\/www.cavallcartro.cat\\\/escoles\\\/ebm-uni-dori\\\/#website\"},\"datePublished\":\"2018-07-24T09:38:53+00:00\",\"dateModified\":\"2020-02-04T18:31:39+00:00\",\"breadcrumb\":{\"@id\":\"https:\\\/\\\/www.cavallcartro.cat\\\/escoles\\\/ebm-uni-dori\\\/contacte\\\/#breadcrumb\"},\"inLanguage\":\"ca\",\"potentialAction\":[{\"@type\":\"ReadAction\",\"target\":[\"https:\\\/\\\/www.cavallcartro.cat\\\/escoles\\\/ebm-uni-dori\\\/contacte\\\/\"]}]},{\"@type\":\"BreadcrumbList\",\"@id\":\"https:\\\/\\\/www.cavallcartro.cat\\\/escoles\\\/ebm-uni-dori\\\/contacte\\\/#breadcrumb\",\"itemListElement\":[{\"@type\":\"ListItem\",\"position\":1,\"name\":\"Portada\",\"item\":\"https:\\\/\\\/www.cavallcartro.cat\\\/escoles\\\/ebm-uni-dori\\\/\"},{\"@type\":\"ListItem\",\"position\":2,\"name\":\"Contacte\"}]},{\"@type\":\"WebSite\",\"@id\":\"https:\\\/\\\/www.cavallcartro.cat\\\/escoles\\\/ebm-uni-dori\\\/#website\",\"url\":\"https:\\\/\\\/www.cavallcartro.cat\\\/escoles\\\/ebm-uni-dori\\\/\",\"name\":\"EBM UNI DORI - Escola Bressol Municipal de Badalona\",\"description\":\"L&#039;escola bressol municipal Uni Dori \u00e9s ubicada al barri de Montigal\u00e0 de Badalona i est\u00e0 pensada per acompanyar els infants en el seu creixement, sentint-se feli\u00e7os i segurs.\",\"publisher\":{\"@id\":\"https:\\\/\\\/www.cavallcartro.cat\\\/escoles\\\/ebm-uni-dori\\\/#organization\"},\"potentialAction\":[{\"@type\":\"SearchAction\",\"target\":{\"@type\":\"EntryPoint\",\"urlTemplate\":\"https:\\\/\\\/www.cavallcartro.cat\\\/escoles\\\/ebm-uni-dori\\\/?s={search_term_string}\"},\"query-input\":{\"@type\":\"PropertyValueSpecification\",\"valueRequired\":true,\"valueName\":\"search_term_string\"}}],\"inLanguage\":\"ca\"},{\"@type\":\"Organization\",\"@id\":\"https:\\\/\\\/www.cavallcartro.cat\\\/escoles\\\/ebm-uni-dori\\\/#organization\",\"name\":\"EBM UNI DORI - Escola Bressol Municipal de Badalona\",\"url\":\"https:\\\/\\\/www.cavallcartro.cat\\\/escoles\\\/ebm-uni-dori\\\/\",\"logo\":{\"@type\":\"ImageObject\",\"inLanguage\":\"ca\",\"@id\":\"https:\\\/\\\/www.cavallcartro.cat\\\/escoles\\\/ebm-uni-dori\\\/#\\\/schema\\\/logo\\\/image\\\/\",\"url\":\"https:\\\/\\\/www.cavallcartro.cat\\\/escoles\\\/ebm-uni-dori\\\/wp-content\\\/uploads\\\/sites\\\/32\\\/2018\\\/07\\\/logo-ebm-UNI-DORI.jpg\",\"contentUrl\":\"https:\\\/\\\/www.cavallcartro.cat\\\/escoles\\\/ebm-uni-dori\\\/wp-content\\\/uploads\\\/sites\\\/32\\\/2018\\\/07\\\/logo-ebm-UNI-DORI.jpg\",\"width\":547,\"height\":356,\"caption\":\"EBM UNI DORI - Escola Bressol Municipal de Badalona\"},\"image\":{\"@id\":\"https:\\\/\\\/www.cavallcartro.cat\\\/escoles\\\/ebm-uni-dori\\\/#\\\/schema\\\/logo\\\/image\\\/\"},\"sameAs\":[\"https:\\\/\\\/www.facebook.com\\\/cavallcartroedu\",\"https:\\\/\\\/x.com\\\/cavallcartroedu\",\"https:\\\/\\\/instagram.com\\\/cavallcartroedu\"]}]}<\/script>\n<!-- \/ Yoast SEO plugin. -->","yoast_head_json":{"title":"Contacte - EBM UNI DORI - Escola Bressol Municipal de Badalona","robots":{"index":"index","follow":"follow","max-snippet":"max-snippet:-1","max-image-preview":"max-image-preview:large","max-video-preview":"max-video-preview:-1"},"canonical":"https:\/\/www.cavallcartro.cat\/escoles\/ebm-uni-dori\/contacte\/","og_locale":"ca_ES","og_type":"article","og_title":"Contacte - EBM UNI DORI - Escola Bressol Municipal de Badalona","og_description":"[vc_row full_width=&#8221;stretch_row&#8221; css=&#8221;.vc_custom_1507109100639{padding-bottom: 50px !important;background-image: url(https:\/\/www.cavallcartro.cat\/escoles\/llim-avet-blau\/wp-content\/uploads\/sites\/9\/2017\/09\/fons1.jpg?id=74) !important;}&#8221;][vc_column width=&#8221;1\/3&#8243;][vc_icon icon_fontawesome=&#8221;fa fa-map-marker&#8221; color=&#8221;custom&#8221; size=&#8221;lg&#8221; align=&#8221;center&#8221;][\/vc_column][vc_column width=&#8221;1\/3&#8243;][vc_icon icon_fontawesome=&#8221;fa fa-phone&#8221; color=&#8221;custom&#8221; size=&#8221;lg&#8221; align=&#8221;center&#8221;][\/vc_column][vc_column width=&#8221;1\/3&#8243;][vc_icon icon_fontawesome=&#8221;fa fa-envelope&#8221; color=&#8221;custom&#8221; size=&#8221;lg&#8221; align=&#8221;center&#8221;][\/vc_column][\/vc_row][vc_row][vc_column][vc_gmaps link=&#8221;#E-8_JTNDaWZyYW1lJTIwc3JjJTNEJTIyaHR0cHMlM0ElMkYlMkZ3d3cuZ29vZ2xlLmNvbSUyRm1hcHMlMkZlbWJlZCUzRnBiJTNEJTIxMW0xOCUyMTFtMTIlMjExbTMlMjExZDI5OTAuMjMzOTUxMDYyMzE5JTIxMmQyLjIyMzU1NzQxNTA3NDM1NCUyMTNkNDEuNDU1ODQwODk5NzEyMjYlMjEybTMlMjExZjAlMjEyZjAlMjEzZjAlMjEzbTIlMjExaTEwMjQlMjEyaTc2OCUyMTRmMTMuMSUyMTNtMyUyMTFtMiUyMTFzMHgxMmE0YmI3ZTY2YzAwZDhkJTI1M0EweGM0Yzg4MzRhYThkZTJlNGYlMjEyc0VzY29sYSUyNTIwQnJlc3NvbCUyNTIwTXVuaWNpcGFsJTI1MjBVbmklMjUyMERvcmklMjE1ZTAlMjEzbTIlMjExc2NhJTIxMnNlcyUyMTR2MTU4MDg0MTA2MTA1MSUyMTVtMiUyMTFzY2ElMjEyc2VzJTIyJTIwd2lkdGglM0QlMjI2MDAlMjIlMjBoZWlnaHQlM0QlMjI0NTAlMjIlMjBmcmFtZWJvcmRlciUzRCUyMjAlMjIlMjBzdHlsZSUzRCUyMmJvcmRlciUzQTAlM0IlMjIlMjBhbGxvd2Z1bGxzY3JlZW4lM0QlMjIlMjIlM0UlM0MlMkZpZnJhbWUlM0U=&#8221;][\/vc_column][\/vc_row]","og_url":"https:\/\/www.cavallcartro.cat\/escoles\/ebm-uni-dori\/contacte\/","og_site_name":"EBM UNI DORI - Escola Bressol Municipal de Badalona","article_publisher":"https:\/\/www.facebook.com\/cavallcartroedu","article_modified_time":"2020-02-04T18:31:39+00:00","twitter_card":"summary_large_image","twitter_site":"@cavallcartroedu","twitter_misc":{"Temps estimat de lectura":"1 minut"},"schema":{"@context":"https:\/\/schema.org","@graph":[{"@type":"WebPage","@id":"https:\/\/www.cavallcartro.cat\/escoles\/ebm-uni-dori\/contacte\/","url":"https:\/\/www.cavallcartro.cat\/escoles\/ebm-uni-dori\/contacte\/","name":"Contacte - EBM UNI DORI - Escola Bressol Municipal de Badalona","isPartOf":{"@id":"https:\/\/www.cavallcartro.cat\/escoles\/ebm-uni-dori\/#website"},"datePublished":"2018-07-24T09:38:53+00:00","dateModified":"2020-02-04T18:31:39+00:00","breadcrumb":{"@id":"https:\/\/www.cavallcartro.cat\/escoles\/ebm-uni-dori\/contacte\/#breadcrumb"},"inLanguage":"ca","potentialAction":[{"@type":"ReadAction","target":["https:\/\/www.cavallcartro.cat\/escoles\/ebm-uni-dori\/contacte\/"]}]},{"@type":"BreadcrumbList","@id":"https:\/\/www.cavallcartro.cat\/escoles\/ebm-uni-dori\/contacte\/#breadcrumb","itemListElement":[{"@type":"ListItem","position":1,"name":"Portada","item":"https:\/\/www.cavallcartro.cat\/escoles\/ebm-uni-dori\/"},{"@type":"ListItem","position":2,"name":"Contacte"}]},{"@type":"WebSite","@id":"https:\/\/www.cavallcartro.cat\/escoles\/ebm-uni-dori\/#website","url":"https:\/\/www.cavallcartro.cat\/escoles\/ebm-uni-dori\/","name":"EBM UNI DORI - Escola Bressol Municipal de Badalona","description":"L&#039;escola bressol municipal Uni Dori \u00e9s ubicada al barri de Montigal\u00e0 de Badalona i est\u00e0 pensada per acompanyar els infants en el seu creixement, sentint-se feli\u00e7os i segurs.","publisher":{"@id":"https:\/\/www.cavallcartro.cat\/escoles\/ebm-uni-dori\/#organization"},"potentialAction":[{"@type":"SearchAction","target":{"@type":"EntryPoint","urlTemplate":"https:\/\/www.cavallcartro.cat\/escoles\/ebm-uni-dori\/?s={search_term_string}"},"query-input":{"@type":"PropertyValueSpecification","valueRequired":true,"valueName":"search_term_string"}}],"inLanguage":"ca"},{"@type":"Organization","@id":"https:\/\/www.cavallcartro.cat\/escoles\/ebm-uni-dori\/#organization","name":"EBM UNI DORI - Escola Bressol Municipal de Badalona","url":"https:\/\/www.cavallcartro.cat\/escoles\/ebm-uni-dori\/","logo":{"@type":"ImageObject","inLanguage":"ca","@id":"https:\/\/www.cavallcartro.cat\/escoles\/ebm-uni-dori\/#\/schema\/logo\/image\/","url":"https:\/\/www.cavallcartro.cat\/escoles\/ebm-uni-dori\/wp-content\/uploads\/sites\/32\/2018\/07\/logo-ebm-UNI-DORI.jpg","contentUrl":"https:\/\/www.cavallcartro.cat\/escoles\/ebm-uni-dori\/wp-content\/uploads\/sites\/32\/2018\/07\/logo-ebm-UNI-DORI.jpg","width":547,"height":356,"caption":"EBM UNI DORI - Escola Bressol Municipal de Badalona"},"image":{"@id":"https:\/\/www.cavallcartro.cat\/escoles\/ebm-uni-dori\/#\/schema\/logo\/image\/"},"sameAs":["https:\/\/www.facebook.com\/cavallcartroedu","https:\/\/x.com\/cavallcartroedu","https:\/\/instagram.com\/cavallcartroedu"]}]}},"_links":{"self":[{"href":"https:\/\/www.cavallcartro.cat\/escoles\/ebm-uni-dori\/wp-json\/wp\/v2\/pages\/30","targetHints":{"allow":["GET"]}}],"collection":[{"href":"https:\/\/www.cavallcartro.cat\/escoles\/ebm-uni-dori\/wp-json\/wp\/v2\/pages"}],"about":[{"href":"https:\/\/www.cavallcartro.cat\/escoles\/ebm-uni-dori\/wp-json\/wp\/v2\/types\/page"}],"author":[{"embeddable":true,"href":"https:\/\/www.cavallcartro.cat\/escoles\/ebm-uni-dori\/wp-json\/wp\/v2\/users\/1"}],"replies":[{"embeddable":true,"href":"https:\/\/www.cavallcartro.cat\/escoles\/ebm-uni-dori\/wp-json\/wp\/v2\/comments?post=30"}],"version-history":[{"count":6,"href":"https:\/\/www.cavallcartro.cat\/escoles\/ebm-uni-dori\/wp-json\/wp\/v2\/pages\/30\/revisions"}],"predecessor-version":[{"id":161,"href":"https:\/\/www.cavallcartro.cat\/escoles\/ebm-uni-dori\/wp-json\/wp\/v2\/pages\/30\/revisions\/161"}],"wp:attachment":[{"href":"https:\/\/www.cavallcartro.cat\/escoles\/ebm-uni-dori\/wp-json\/wp\/v2\/media?parent=30"}],"curies":[{"name":"wp","href":"https:\/\/api.w.org\/{rel}","templated":true}]}}